lculate r(18).
-3
Let x(t) = -5181*t + 88183. Calculate x(17).
106
Let g(y) = -y**3 - 35*y**2 + 276*y + 10545. What is g(-34)?
5
Let w(l) = -3*l**3 + 28*l**2 + 32*l - 295. Determine w(10).
-175
Let j(i) = 1592*i + 6375. Calculate j(-4).
7
Let m(l) = -1397*l + 26615. What is m(19)?
72
Let k(i) = -2*i**2 - 63*i - 475. What is k(-14)?
15
Let k(m) = -m**2 - 80745*m + 1372958. What is k(17)?
4
Let v(q) = -39*q**3 - 1446*q**2 - 457*q - 12802. Give v(-37).
0
Let n(u) = -198923*u + 198905. Calculate n(1).
-18
Let c(w) = 102*w**2 + 3761*w - 505. Determine c(-37).
-24
Let s(z) = -z**3 + 323*z**2 + 6129*z + 3036. What is s(341)?
-33
Let p(b) = -47*b - 4854. What is p(-44)?
-2786
Let y(a) = -4*a**2 + 530*a + 4471. Determine y(143).
-1535
Let v(q) = 921*q + 10577. Calculate v(-8).
3209
Let c(m) = 15*m**3 - 266*m**2 - 73*m + 39. Calculate c(18).
21
Let d(m) = -m**3 + 178*m**2 - 696*m + 366. Determine d(174).
366
Let t(w) = 3*w**2 - 123*w + 330. Determine t(7).
-384
Let n(p) = 61353*p + 2086102. Determine n(-34).
100
Let t(j) = -2*j**3 - 16*j**2 - 14*j + 285. Determine t(-9).
573
Let x(z) = 2*z**2 - 294*z + 10072. Determine x(93).
28
Let b(s) = -s**3 + 137*s**2 - 7*s + 940. Give b(137).
-19
Let j(h) = h**2 - 1184*h + 328112. What is j(443)?
-151
Let i(p) = 7595*p + 45661. Determine i(-6).
91
Let z(r) = -21035*r + 1367245. What is z(65)?
-30
Let i(k) = 67*k + 11012. Give i(-174).
-646
Let p(q) = -q**3 - 20*q**2 - 999*q - 18615. Give p(-19).
5
Let h(l) = -50*l - 1730. What is h(-33)?
-80
Let k(c) = -c**2 + 77443*c + 697060. What is k(-9)?
-8
Let t(f) = f**3 + 22*f**2 - 3*f + 39. What is t(-23)?
-421
Let a(r) = 336*r**2 + 3*r - 54. Calculate a(0).
-54
Let c(u) = -u**3 - 3*u**2 - 476*u - 2843. Give c(-6).
121
Let t(q) = 3362*q - 46623. What is t(14)?
445
Let l(q) = -18*q**2 - 688*q + 2111. Determine l(-41).
61
Let z(r) = -51*r**2 - 5*r + 7. Give z(-5).
-1243
Let j(i) = 88329*i + 353329. Calculate j(-4).
13
Let n(p) = 779*p + 6580. What is n(-9)?
-431
Let b(m) = 9963*m - 8588132. What is b(862)?
-26
Let a(b) = 6*b**2 - 35434*b - 106375. Calculate a(-3).
-19
Let h(w) = w**3 - 400*w**2 + 16285*w - 46. Give h(46).
0
Let k(j) = 5*j**2 + 1502*j + 5925. What is k(-4)?
-3
Let p(a) = -13*a - 354. Determine p(-29).
23
Let l(k) = 6*k**3 - 492*k**2 + 50*k - 2072. What is l(82)?
2028
Let k(o) = -901*o - 30783. Determine k(-34).
-149
Let m(a) = -1805*a - 36134. What is m(-20)?
-34
Let i(y) = -644*y**2 + 22*y + 39. Give i(-1).
-627
Let a(c) = 26*c**2 + 9796*c - 1380240. Calculate a(-486).
0
Let r(k) = 3*k**3 - k**2 - 28*k - 86. What is r(-3)?
-92
Let i(p) = -56540*p + 565361. What is i(10)?
-39
Let x(m) = 68*m**2 - 810*m - 33. Calculate x(12).
39
Let c(t) = 28*t - 1684. Calculate c(76).
444
Let b(s) = -4942*s - 286642. Determine b(-58).
-6
Let u(d) = -2*d**3 - 13*d**2 + 272*d + 2928. Calculate u(-12).
1248
Let h(j) = -j**3 - 240*j**2 + 2874*j + 28363. Determine h(-251).
0
Let g(h) = 13572*h + 5184541. Determine g(-382).
37
Let j(i) = i**2 - 1752*i + 141759. What is j(85)?
64
Let z(s) = 2*s**3 + 431*s**2 + 15337*s - 352. What is z(-45)?
8
Let z(j) = -824*j - 24750. What is z(-28)?
-1678
Let k(z) = -1014*z - 60065. What is k(-60)?
775
Let w(v) = -1122*v - 363583. Determine w(-324).
-55
Let l(y) = -13919*y + 2046089. Calculate l(147).
-4
Let t(c) = 3101*c + 121256. Determine t(-39).
317
Let c(m) = -650*m**2 - 8463*m - 158. What is c(-13)?
11
Let o(x) = 246*x + 3267. Give o(-5).
2037
Let p(a) = 13*a**3 - 7*a**2 - 61*a - 84. Calculate p(-2).
-94
Let u(j) = j**3 + 38*j**2 - 305*j - 12578. What is u(-37)?
76
Let m(g) = -331*g - 48967. Give m(-148).
21
Let i(d) = -d**3 - 38*d**2 + 345*d - 1084. Give i(-46).
-26
Let l(o) = -126*o**2 - 388*o - 2799. Determine l(-7).
-6257
Let p(u) = -u**3 + 97*u**2 - 683*u - 219. What is p(8)?
13
Let m(o) = 511*o - 29888. What is m(59)?
261
Let f(h) = 3*h**3 - 224*h**2 - 71*h - 284. Calculate f(75).
16
Let f(y) = y**3 + 650*y**2 + 84606*y - 51219. Determine f(-181).
4
Let b(f) = -289*f + 2430. Give b(9).
-171
Let z(n) = -774*n**3 + 4647*n**2 + 32*n - 302. Give z(6).
-2
Let j(k) = 4*k**2 + 276*k - 1097. What is j(4)?
71
Let u(b) = -b**3 + 70*b**2 - 152*b - 278. Determine u(68).
-1366
Let z(h) = 22405*h + 156823. Determine z(-7).
-12
Let i(o) = 12*o**3 + 58*o**2 - 53*o - 7. What is i(1)?
10
Let f(u) = u**2 + 222*u - 25155. Determine f(84).
549
Let j(w) = -644*w**2 - 9667*w - 111. Calculate j(-15).
-6
Let a(s) = -1501*s**3 - s**2 + 132*s + 133. Determine a(-1).
1501
Let j(a) = -13215*a - 171778. What is j(-13)?
17
Let p(n) = -3*n**3 - 1429*n**2 - 20*n - 4. Give p(0).
-4
Let v(r) = 2*r**2 + 174*r - 4076. Determine v(-107).
204
Let l(x) = -43*x**2 - 1855*x - 2178. Determine l(-42).
-120
Let c(w) = -w**2 + 215*w - 10459. Determine c(74).
-25
Let p(z) = -218*z**2 + 12797*z + 30572. Give p(61).
11
Let l(u) = 3*u**3 + 591*u**2 - 1503*u - 61500. Give l(-199).
-9
Let n(v) = -v**2 + 251*v - 11161. Give n(193).
33
Let m(a) = 17*a**2 - 1214*a + 21038. Give m(28).
374
Let l(p) = 2*p**3 + 98*p**2 + 29*p + 208. Calculate l(-49).
-1213
Let k(i) = 1566*i - 1068002. What is k(682)?
10
Let d(v) = v**3 - 89*v**2 - 221*v + 918. Determine d(91).
-2631
Let l(d) = -15*d - 2774. Give l(-15).
-2549
Let l(c) = c**3 + 190*c**2 - 172*c + 1379. Determine l(-191).
-2250
Let q(n) = -4*n**2 + 693*n + 4263. What is q(179)?
146
Let k(d) = -d**2 + 31*d - 176. What is k(4)?
-68
Let y(u) = -6*u**3 - 3527*u**2 + 411*u - 104055. Determine y(-588).
21
Let a(m) = m**3 + 25*m**2 + 185*m - 175. Give a(-16).
-831
Let c(l) = -l**2 - 1166*l + 24325. Calculate c(21).
-602
Let g(r) = -38*r**2 - 45*r + 21. Calculate g(1).
-62
Let q(z) = 15*z**3 - 12*z - 3. Calculate q(3).
366
Let o(h) = 719160*h + 719170. Determine o(-1).
10
Let o(h) = 5*h**3 + 42*h**2 - 815*h - 5307. Calculate o(-6).
15
Let t(y) = -15015*y - 1666639. What is t(-111)?
26
Let d(a) = 1609*a - 52558. What is d(33)?
539
Let o(g) = 157*g**2 + 12569*g + 791. Determine o(-80).
71
Let j(s) = 11*s**2 - 1659*s - 268217. Calculate j(-98).
9
Let l(h) = h**3 + 89*h**2 - 878*h + 394. Give l(-98).
2
Let n(z) = 253791*z + 507637. Determine n(-2).
55
Let s(l) = 10185*l - 356327. What is s(35)?
148
Let s(w) = -13*w**2 - 5204*w + 73693. What is s(-414)?
1
Let p(h) = 2*h**2 + 64*h - 311. Determine p(11).
635
Let p(s) = 85*s**2 - 4337*s + 20. Calculate p(51).
-82
Let b(d) = -6*d**3 + 3880*d**2 + 5186*d - 1301. Determine b(648).
-5
Let s(z) = 2*z**3 - 482*z**2 - 2586*z - 633. Calculate s(-5).
-3
Let a(q) = 6488*q - 1446715. What is a(223)?
109
Let b(i) = 590*i - 37. Give b(0).
-37
Let x(l) = 2*l**2 - 73*l + 342. Calculate x(28).
-134
Let w(k) = k**2 + 20688*k - 476177. Determine w(23).
176
Let x(m) = 4*m**2 - 144*m + 1312. Calculate x(18).
16
Let i(o) = -295*o**2 + 1542*o - 1907. What is i(2)?
-3
Let f(d) = -501*d + 100145. Determine f(200).
-55
Let m(n) = -5*n**3 + 583*n**2 + 246*n - 146. Determine m(117).
1258
Let i(m) = -m**3 + 14*m**2 - 98*m + 797. Determine i(15).
-898
Let p(x) = -1885*x**2 + 20443*x + 3206. Calculate p(11).
-6
Let t(w) = 4949*w - 18888. Calculate t(4).
908
Let i(b) = -31*b**2 + 514*b + 132. Give i(16).
420
Let u(g) = -242*g - 41939. Calculate u(-179).
1379
Let i(w) = 3*w**3 - 84*w**2 + 46*w + 865. Calculate i(27).
-80
Let z(b) = 18*b**2 + 29*b + 4. What is z(4)?
408
Let s(u) = -2*u**3 - 124*u**2 - 51. What is s(-62)?
-51
Let n(t) = -8*t + 1084. Determine n(76).
476
Let n(w) = -8*w**3 - 932*w**2 - 1384*w + 381. Calculate n(-115).
841
Let q(h) = 10*h**3 + 4*h**2 - 56*h + 52. Give q(1).
10
Let w(p) = -651*p - 292290. Calculate w(-449).
9
Let t(j) = j**3 + 255*j**2 + 514*j + 2019. What is t(-253)?
-5
Let k(v) = -4*v**2 + 1760*v + 19843. What is k(-11)?
-1
Let r(f) = 5399*f**2 - 107977*f - 70. Give r(20).
-10
Let d(m) = 11*m**2 + 3629*m + 6553. Determine d(-328).
-335
Let f(k) = -2*k**3 + 1392*k**2 + 20*k - 13885. Calculate f(696).
35
Let m(d) = -d**3 - 27*d**2 - 863*d - 3764. Determine m(-5).
1
Let c(p) = -2*p**2 - 33672*p + 370637. What is c(11)?
3
Let p(s) = 3*s**2 - 1109*s - 7820. Calculate p(-7).
90
Let o(d) = -2*d**3 + 162*d**2 - 311*d - 341. Calculate o(79).
54
Let m(y) = -7016*y - 1283943. Determine m(-183).
-15
Let p(b) = 2290*b - 7831. Give p(4).
1329
Let x(s) = s**3 - 12*s**2 - 455*s - 491. What is x(-15)?
259
Let p(f) = -f**